se 0 = -8*c + c + 35. Suppose -11*h = -9*h - c*u - 1169, -5*h + 2*u + 2870 = 0. What is the tens digit of h?
7
Let b = -5 - -235. Suppose 36*g + b = 38*g. What is the tens digit of g?
1
What is the tens digit of 7/14 + 92*4113/72?
5
Suppose -d + 22171 = 2*d - 2*m, m = -2*d + 14783. What is the thousands digit of d?
7
Let p(c) = 86*c**3 + c**2 - c. Let w be p(1). Suppose -3*h - w = -z - 3, -225 = -3*z + 3*h. What is the tens digit of z?
7
Suppose 158*v - 163*v = -125. Suppose 38*b + v*b - 2268 = 0. What is the tens digit of b?
3
Suppose -4*w - 2*r + 134052 = 0, -272*r - 100548 = -3*w - 275*r. What is the hundreds digit of w?
5
Let k(o) = -o**2 + 9*o - 9. Let q be k(6). Suppose -8*n - q*n = -4777. What is the tens digit of n?
8
Suppose 366264 = -130*r + 171*r + 56181. What is the tens digit of r?
6
Let n(o) be the third derivative of o**6/30 - o**5/8 + 13*o**3/6 - 3*o**2. Let d(l) be the first derivative of n(l). What is the tens digit of d(-2)?
7
Let s = 17441 - 10063. What is the tens digit of s?
7
Let h = 3308 + -2408. What is the hundreds digit of h?
9
Suppose 0 = 82*g + 336*g - 13722522. What is the thousands digit of g?
2
Suppose 0 = 15*m - 0*m + 5955. Let j = m - -768. What is the tens digit of j?
7
Let r be (-32)/(4 - (-4)/(36/(-39))). Suppose 3*d = r - 102. What is the units digit of ((-85)/(-4) - 2)*(-8)/d?
7
Suppose -42 = 7*p - 14*p. What is the units digit of p + 0 - (24 - 103)?
5
Let b be (-12)/24*8*13/(-4). Let t = b - -660. What is the tens digit of t?
7
Let w(r) be the second derivative of 1/20*r**5 + 0 - r**2 + 8*r - 1/6*r**3 - 1/12*r**4. What is the units digit of w(5)?
3
What is the hundreds digit of 64 + -49 - 250476/(-4)?
6
Let h = -47 + 46. Let u(v) = 1093*v**2 - 3*v. What is the thousands digit of u(h)?
1
Suppose 0 = -2*s + 2*f + 12460, 5*s - 2*f - 29743 - 1422 = 0. Let p = s - 3675. Suppose -9*q + p = q. What is the tens digit of q?
5
What is the tens digit of ((-6592)/(-20))/(2/(-20) - (-38)/190)?
9
Let p = -30211 + 48454. What is the tens digit of p?
4
Suppose -1072*c + 2233440 = -1027*c. What is the tens digit of c?
3
Suppose 5*d - 15 = -13*k + 18*k, 6 = -d - 2*k. Suppose d = 4*u - 5*r - 2339, -r + 2960 = -0*u + 5*u. What is the units digit of u?
1
Let a(k) = 5*k + 9. Let b be a(-3). Let o(l) = -l**3 - 5*l**2 - 9*l + 2. Let g be o(b). Let d = -39 + g. What is the tens digit of d?
5
Let a be 33276/180 + -5 + (-4)/(-30). Let k = a + 367. What is the units digit of k?
7
Let o(q) = 4*q**3 - 6*q**2 + 74*q - 437. What is the units digit of o(11)?
5
Let q be 7*4*180/210. Suppose q*n - 40*n = -4240. What is the hundreds digit of n?
2
Let m = 153547 - 80316. What is the ten thousands digit of m?
7
Suppose 0 = 143*c - 3858143 - 4512362. What is the ten thousands digit of c?
5
Let i = -363 + 267. What is the tens digit of ((-243)/(-4))/(i/(-512))?
2
Let y(m) be the second derivative of -5*m + 0 + 3*m**2 - 5/3*m**3. What is the units digit of y(-4)?
6
What is the tens digit of (-3 + 3)/4 - (-5 + 4 - 39299)?
0
Suppose -5*v + 47 = -433. Let l = v - 80. What is the tens digit of 4/l*-2 + (-866)/(-4)?
1
Let z(m) = -m**2 + 113*m - 1921. What is the units digit of z(22)?
1
Suppose 3*j - 37242 = -114*p + 113*p, -24808 = -2*j + 6*p. What is the ten thousands digit of j?
1
Suppose 3*t = -3*r + 29412, -9784 = 179*t - 180*t + 4*r. What is the units digit of t?
0
Let h(i) = 9*i**2 + 7*i + 7. Let v(y) = -2*y**2 + y + 1. Let g(n) = h(n) - 6*v(n). What is the tens digit of g(-9)?
9
Let q(c) = -26*c - 24. Let r be 4/(-34) + 12230/(-85). Let b = r + 138. What is the tens digit of q(b)?
3
Suppose 0 = 2*k - 5*u - 16392, 7059 = k - 2*u - 1139. What is the units digit of k?
6
Let x be (-11362)/342 + 4/18. Suppose 3*w = -2*h + 16 - 54, 2*w + 84 = -4*h. What is the hundreds digit of (-4)/h + (-8409)/x + 1?
2
Suppose 42*b - 65*b - 61618 + 352430 = 0. What is the hundreds digit of b?
6
What is the hundreds digit of 10/1 + 12991*(-112)/(-88)?
5
Let v(t) = -176*t**2 - 3 - 10*t + 177*t**2 + 4. Let g be v(10). What is the units digit of (-1374)/(-6) - (-2 + g)?
0
Suppose -5*t = h - 25, -3*h + 4*h = 5*t - 15. Suppose -5*z = -2*v - t + 9, 3*z - 4*v - 11 = 0. Let j = z + 20. What is the tens digit of j?
1
What is the tens digit of (-55*(-15426)/(-180))/((-2)/(3 - -1))?
2
Suppose -27913 - 51222 = -95*c. What is the units digit of c?
3
Suppose x - 1433 = 4*d, 0 = -3*d + x - 5*x - 1070. Let c = d - -532. What is the hundreds digit of c?
1
Suppose j = -0*j + 5. Suppose -24*k + 231 = 53*k. Suppose -k*p = -j*p + 128. What is the units digit of p?
4
Let j = 146 + 18. Let i = j - -66. What is the hundreds digit of i?
2
Let v(g) = 4*g**2 + 30*g + 4001. What is the hundreds digit of v(-102)?
5
Let c be -4 - (-9 + 5/((-10)/(-6))). Suppose -4*h + 3*f - 733 + 3020 = 0, -h - c*f + 558 = 0. What is the units digit of h?
8
Suppose 8204 = 7*d - 3045. Let o = 2573 - d. Suppose o = 7*f + 196. What is the tens digit of f?
1
Suppose -8 = 5*w - 48. Suppose 4*k + 4*f + w = -36, -3*k - f - 25 = 0. What is the units digit of ((315/6)/k)/(4/(-8))?
5
Let s(c) = -3*c - 95. Let v be s(4). Let k = v + 453. What is the tens digit of k?
4
Suppose -90827 = -d + 2*q, -284*d - 90827 = -285*d - 2*q. What is the thousands digit of d?
0
Let s = 25242 + -17705. Suppose s = 6*x + 2605. What is the units digit of x?
2
Suppose 4*b - 207 = 3*w - 194, -5*w - 2*b - 65 = 0. Let l(d) = -3*d + d**3 + 17*d + 10 + 13*d**2 + 11. What is the tens digit of l(w)?
0
Let y(z) = 14*z**3 + 3*z**2 - z + 1. Let d be y(4). Suppose -5*u + 0*u + d = 2*a, 0 = -a - u + 463. Suppose 0 = -9*i - 107 + a. What is the tens digit of i?
3
Let w = 806 + -575. What is the hundreds digit of 3839/w*9 + 8/(-14)?
1
Let v = 6076 + -4264. Suppose -67*f = -61*f - v. What is the hundreds digit of f?
3
Let o(w) = 3*w**3 - 5*w + 10. Let s(a) = -a**3 - 1. Let x(t) = o(t) + 2*s(t). Let u be x(3). What is the tens digit of 765/u + 6/8?
3
Suppose w - 38126 = -4*y + 50606, -4*w = y - 22198. What is the tens digit of y?
8
Suppose 5*x = 4*a - 4113, 5*a - x - 5140 = 4*x. Suppose -9*d = a - 4348. What is the tens digit of d?
6
Let l(i) be the first derivative of -i**3/3 - 27*i**2/2 + 34*i - 4. Let j = 744 - 761. What is the tens digit of l(j)?
0
Let g = -257 - 83. What is the tens digit of ((-63)/(-15))/((-2)/g)?
1
Suppose -20*y + 29244 = -74196. What is the hundreds digit of y?
1
Let r(w) = 3984*w - 9. What is the hundreds digit of r(7)?
8
Suppose 12 = 3*m + 3. Suppose -3*v - 151 = 2*o, -4*o + 2*v - 307 = m*v. Let a = -50 - o. What is the tens digit of a?
2
Let k = 8637 - 5225. What is the hundreds digit of k?
4
Suppose -389*m + 308*m = -280989. What is the thousands digit of m?
3
Let t(p) = 5*p**3 + 3*p**2 - 5*p - 22. Let j(r) = -6*r**3 - 2*r**2 + 5*r + 23. Let z(m) = -2*j(m) - 3*t(m). What is the hundreds digit of z(-7)?
7
Let r = 709 + -649. Suppose 54*m = r*m - 4884. What is the tens digit of m?
1
Let j = 1715 - 1145. Suppose 343 = 3*m - 2*u, -4*m - 5*u = -9*m + j. What is the tens digit of m?
1
Let c(n) = -n**3 - 129*n**2 + 778*n - 245. What is the tens digit of c(-137)?
2
Let s(f) = -792*f - 4062. What is the tens digit of s(-13)?
3
Suppose -6*h + 40 = -20. Suppose 0 = -h*x + 1961 + 1219. What is the units digit of x?
8
Suppose -48 + 80 = 4*z. What is the units digit of 624/18 - z/12?
4
Let h(y) = -36*y**2 - 27*y - 166. Let d be h(-9). Let x = d - -4000. What is the thousands digit of x?
1
Suppose i + 4*w = 8, 0*w = -4*i + w - 2. Suppose -3024 = -7*m - i*m. What is the tens digit of m?
3
Let a be (682/5)/((-62)/(-155)). Suppose x - a - 224 = 0. What is the tens digit of x?
6
Let w(d) = 5*d - 30. Let c(u) = -u. Let j(m) = -3*c(m) - w(m). Let h be j(14). Suppose h*a + 2*f = 6*a - 304, a - f - 77 = 0. What is the units digit of a?
5
Let v = -67 + 38. Let t = 50 + v. What is the units digit of (-3 - (-69)/t) + 3706/14?
5
Let f be (-212)/(-3)*48/64. Suppose 201 = -4*j + 45. Let z = f + j. What is the units digit of z?
4
What is the thousands digit of (-191)/(-191)*(-16136)/(-1)?
6
Let s = 2058 - 2894. Let t = s + 1463. What is the units digit of t?
7
Let s = 168551 + -100506. What is the units digit of s?
5
Suppose -1511298 = -13*c - 101*c. What is the thousands digit of c?
3
Let j = -5598 - -8652. What is the hundreds digit of j?
0
Suppose 2*q =